{"id":5394,"date":"2016-03-14T17:50:48","date_gmt":"2016-03-14T15:50:48","guid":{"rendered":"https:\/\/www.schneemann-berlin.de\/blog\/?page_id=5394"},"modified":"2021-06-03T09:38:10","modified_gmt":"2021-06-03T07:38:10","slug":"archiv-ingenieurbuero-horst-schneemann","status":"publish","type":"page","link":"https:\/\/www.schneemann-berlin.de\/blog\/schneeblog-start\/archiv-ingenieurbuero-horst-schneemann\/","title":{"rendered":"Archiv (Ing.B\u00fcro H.Schneemann)"},"content":{"rendered":"\n<hr class=\"wp-block-separator is-style-default\">\n\n\n\n<div style=\"height:29px\" aria-hidden=\"true\" class=\"wp-block-spacer\"><\/div>\n\n\n\n<div class=\"wp-block-columns is-layout-flex wp-container-core-columns-is-layout-9d6595d7 wp-block-columns-is-layout-flex\">\n<div class=\"wp-block-column is-layout-flow wp-block-column-is-layout-flow\">\n<p class=\"has-medium-font-size\">Hier geht es zu den archi\u00advier\u00adten Sei\u00adten mei\u00adner urspr\u00fcng\u00adli\u00adchen Home\u00adpage <em>Inge\u00adnieur\u00adb\u00fc\u00adro f\u00fcr Kom\u00admu\u00adni\u00adka\u00adti\u00adons\u00adtech\u00adnik Horst Schnee\u00admann<\/em>, die zu Beginn der 90er Jah\u00adre des vori\u00adgen Jahr\u00adhun\u00adderts (!) online ging. Durch\u00adweg in HTML 1&nbsp;getippt; ver\u00admit\u00adtelt sie die Pati\u00adna der Jah\u00adre, in denen das Inter\u00adnet in Deutsch\u00adland das Lau\u00adfen lern\u00adte.<br>Mit einem klei\u00adnen Quent\u00adchen Stolz kann ich behaup\u00adten, an der Akzep\u00adtanz und am Ver\u00adst\u00e4nd\u00adnis des neu\u00aden Medi\u00adums <em>Inter\u00adnet <\/em>betei\u00adligt gewe\u00adsen zu sein. Dies geschah durch Lehr\u00adver\u00adan\u00adstal\u00adtun\u00adgen, Schu\u00adlung, Beratung\/\u200bConsulting, Brie\u00adfing u.a. Die Viel\u00adzahl und Kom\u00adple\u00adxi\u00adt\u00e4t an Diens\u00adten, Pro\u00adto\u00adkol\u00adlen, Archi\u00adtek\u00adtu\u00adren, Ver\u00adfah\u00adren, Tech\u00adno\u00adlo\u00adgien usw. erfor\u00adder\u00adte anfangs eine hohe Bereit\u00adschaft, sich damit aus\u00adein\u00adan\u00adder\u00adzu\u00adset\u00adzen. Zu Beginn der 90er Jah\u00adre war\u00adte\u00adte man nicht gera\u00adde darauf&nbsp;\u2026<\/p>\n<\/div>\n\n\n\n<div class=\"wp-block-column is-layout-flow wp-block-column-is-layout-flow\">\n<p class=\"has-medium-font-size\">Das Archiv <a href=\"http:\/\/www.schneemann-berlin.de\/archive\/\" target=\"_blank\" rel=\"noreferrer noopener\"><strong>Inge\u00adnieur\u00adb\u00fc\u00adro<\/strong><\/a> ent\u00adh\u00e4lt in ers\u00adter Linie The\u00admen\u00advor\u00adschl\u00e4\u00adge und Kon\u00adzep\u00adte zu vie\u00adlen Gebie\u00adten der Kommunikations\u2011, der \u00dcber\u00adtra\u00adgungs- und Ver\u00admitt\u00adlungs\u00adtech\u00adnik, zu Net\u00adzen, Stan\u00addards, \u00dcber\u00adtra\u00adgungs\u00adver\u00adfah\u00adren und \u2011medi\u00aden u.a. Dar\u00ad\u00fcber\u00adhin\u00adaus fin\u00adden sich noch Down\u00adlod\u00adbe\u00adrei\u00adche zu die\u00adsen The\u00admen.<br>Im Archiv <a href=\"http:\/\/www.schneemann-berlin.de\/archive\/gaestebuch\" target=\"_blank\" rel=\"noreferrer noopener\"><strong>G\u00e4s\u00adte\u00adbuch<\/strong><\/a> k\u00f6n\u00adnen Sie die Mei\u00adnung der\u00adje\u00adni\u00adgen nach\u00adle\u00adsen, die ein Votum zu mei\u00adnen Lehr\u00adver\u00adan\u00adstal\u00adtun\u00adgen abgaben.<\/p>\n\n\n\n<p class=\"has-medium-font-size\">Das Archiv <a href=\"http:\/\/www.mansfeld-shop.de\" target=\"_blank\" rel=\"noreferrer noopener\"><strong>Mul\u00adti\u00adme\u00addia-CD<\/strong><\/a> beinhal\u00adtet eine Pro\u00admo\u00adti\u00adon-Site f\u00fcr eine von mir pro\u00addu\u00adzier\u00adte und im Eigen\u00adver\u00adlag ver\u00adtrie\u00adbe\u00adne mul\u00adti\u00adme\u00addia\u00adle CD-ROM:<\/p>\n\n\n\n<p class=\"has-text-align-center has-medium-font-size\"><em>Hier der Harz und dort die Saa\u00adle<\/em><br><em>Das Mans\u00adfel\u00adder Land.<br>Ein mul\u00adti\u00adme\u00addia\u00adler Streif\u00adzug durch<\/em><br><em>die Hei\u00admat Mar\u00adtin Luthers<\/em><br>(ver\u00adgrif\u00adfen; Neu\u00adauf\u00adla\u00adge nicht geplant)<\/p>\n<\/div>\n<\/div>\n\n\n\n<div class=\"wp-block-buttons is-layout-flex wp-block-buttons-is-layout-flex\">\n<div class=\"wp-block-button\"><a class=\"wp-block-button__link has-vivid-cyan-blue-background-color has-background\" href=\"javascript:history.back()\" style=\"border-radius:5px\" rel>zur\u00fcck<\/a><\/div>\n<\/div>\n\n\n\n<hr class=\"wp-block-separator is-style-default\">\n","protected":false},"excerpt":{"rendered":"<p> [\u2026]<\/p>\n","protected":false},"author":1,"featured_media":0,"parent":7097,"menu_order":5,"comment_status":"closed","ping_status":"closed","template":"","meta":{"wp_typography_post_enhancements_disabled":false,"ngg_post_thumbnail":0,"footnotes":""},"class_list":["post-5394","page","type-page","status-publish","hentry"],"yoast_head":"<!-- This site is optimized with the Yoast SEO plugin v21.3 - https:\/\/yoast.com\/wordpress\/plugins\/seo\/ -->\n<title>Archiv (Ing.B\u00fcro H.Schneemann) - schneeblog<\/title>\n<meta name=\"description\" content=\"Archiv der Old-Shool-Website des Ingenieurb\u00fcros f\u00fcr Kommunikationstechnik Dipl.-Ing. Horst Schneemann, Berlin. Keine Aktualisierung mehr.\" \/>\n<meta name=\"robots\" content=\"index, follow, max-snippet:-1, max-image-preview:large, max-video-preview:-1\" \/>\n<link rel=\"canonical\" href=\"https:\/\/www.schneemann-berlin.de\/blog\/schneeblog-start\/archiv-ingenieurbuero-horst-schneemann\/\" \/>\n<meta property=\"og:locale\" content=\"de_DE\" \/>\n<meta property=\"og:type\" content=\"article\" \/>\n<meta property=\"og:title\" content=\"Archiv (Ing.B\u00fcro H.Schneemann) - schneeblog\" \/>\n<meta property=\"og:description\" content=\"Archiv der Old-Shool-Website des Ingenieurb\u00fcros f\u00fcr Kommunikationstechnik Dipl.-Ing. Horst Schneemann, Berlin. Keine Aktualisierung mehr.\" \/>\n<meta property=\"og:url\" content=\"https:\/\/www.schneemann-berlin.de\/blog\/schneeblog-start\/archiv-ingenieurbuero-horst-schneemann\/\" \/>\n<meta property=\"og:site_name\" content=\"schneeblog\" \/>\n<meta property=\"article:modified_time\" content=\"2021-06-03T07:38:10+00:00\" \/>\n<meta name=\"twitter:card\" content=\"summary_large_image\" \/>\n<meta name=\"twitter:label1\" content=\"Gesch\u00e4tzte Lesezeit\" \/>\n\t<meta name=\"twitter:data1\" content=\"1\u00a0Minute\" \/>\n<script type=\"application\/ld+json\" class=\"yoast-schema-graph\">{\"@context\":\"https:\/\/schema.org\",\"@graph\":[{\"@type\":\"WebPage\",\"@id\":\"https:\/\/www.schneemann-berlin.de\/blog\/schneeblog-start\/archiv-ingenieurbuero-horst-schneemann\/\",\"url\":\"https:\/\/www.schneemann-berlin.de\/blog\/schneeblog-start\/archiv-ingenieurbuero-horst-schneemann\/\",\"name\":\"Archiv (Ing.B\u00fcro H.Schneemann) - schneeblog\",\"isPartOf\":{\"@id\":\"https:\/\/www.schneemann-berlin.de\/blog\/#website\"},\"datePublished\":\"2016-03-14T15:50:48+00:00\",\"dateModified\":\"2021-06-03T07:38:10+00:00\",\"description\":\"Archiv der Old-Shool-Website des Ingenieurb\u00fcros f\u00fcr Kommunikationstechnik Dipl.-Ing. Horst Schneemann, Berlin. Keine Aktualisierung mehr.\",\"breadcrumb\":{\"@id\":\"https:\/\/www.schneemann-berlin.de\/blog\/schneeblog-start\/archiv-ingenieurbuero-horst-schneemann\/#breadcrumb\"},\"inLanguage\":\"de\",\"potentialAction\":[{\"@type\":\"ReadAction\",\"target\":[\"https:\/\/www.schneemann-berlin.de\/blog\/schneeblog-start\/archiv-ingenieurbuero-horst-schneemann\/\"]}]},{\"@type\":\"BreadcrumbList\",\"@id\":\"https:\/\/www.schneemann-berlin.de\/blog\/schneeblog-start\/archiv-ingenieurbuero-horst-schneemann\/#breadcrumb\",\"itemListElement\":[{\"@type\":\"ListItem\",\"position\":1,\"name\":\"Startseite\",\"item\":\"https:\/\/www.schneemann-berlin.de\/blog\/\"},{\"@type\":\"ListItem\",\"position\":2,\"name\":\"Startseite\",\"item\":\"https:\/\/www.schneemann-berlin.de\/blog\/\"},{\"@type\":\"ListItem\",\"position\":3,\"name\":\"Archiv (Ing.B\u00fcro H.Schneemann)\"}]},{\"@type\":\"WebSite\",\"@id\":\"https:\/\/www.schneemann-berlin.de\/blog\/#website\",\"url\":\"https:\/\/www.schneemann-berlin.de\/blog\/\",\"name\":\"schneeblog\",\"description\":\"kleingr\u00fcnrotkarierte Republik Deutschland\",\"publisher\":{\"@id\":\"https:\/\/www.schneemann-berlin.de\/blog\/#\/schema\/person\/01899872b7c565f258077670b4160987\"},\"potentialAction\":[{\"@type\":\"SearchAction\",\"target\":{\"@type\":\"EntryPoint\",\"urlTemplate\":\"https:\/\/www.schneemann-berlin.de\/blog\/?s={search_term_string}\"},\"query-input\":\"required name=search_term_string\"}],\"inLanguage\":\"de\"},{\"@type\":[\"Person\",\"Organization\"],\"@id\":\"https:\/\/www.schneemann-berlin.de\/blog\/#\/schema\/person\/01899872b7c565f258077670b4160987\",\"name\":\"schneemann\",\"image\":{\"@type\":\"ImageObject\",\"inLanguage\":\"de\",\"@id\":\"https:\/\/www.schneemann-berlin.de\/blog\/#\/schema\/person\/image\/\",\"url\":\"https:\/\/www.schneemann-berlin.de\/blog\/wp-content\/uploads\/2021\/06\/2012-03-horst-profilbild3.jpg\",\"contentUrl\":\"https:\/\/www.schneemann-berlin.de\/blog\/wp-content\/uploads\/2021\/06\/2012-03-horst-profilbild3.jpg\",\"width\":900,\"height\":900,\"caption\":\"schneemann\"},\"logo\":{\"@id\":\"https:\/\/www.schneemann-berlin.de\/blog\/#\/schema\/person\/image\/\"},\"sameAs\":[\"http:\/\/www.schneemann-berlin.de\",\"https:\/\/www.youtube.com\/horstschneemann\"]}]}<\/script>\n<!-- \/ Yoast SEO plugin. -->","yoast_head_json":{"title":"Archiv (Ing.B\u00fcro H.Schneemann) - schneeblog","description":"Archiv der Old-Shool-Website des Ingenieurb\u00fcros f\u00fcr Kommunikationstechnik Dipl.-Ing. Horst Schneemann, Berlin. Keine Aktualisierung mehr.","robots":{"index":"index","follow":"follow","max-snippet":"max-snippet:-1","max-image-preview":"max-image-preview:large","max-video-preview":"max-video-preview:-1"},"canonical":"https:\/\/www.schneemann-berlin.de\/blog\/schneeblog-start\/archiv-ingenieurbuero-horst-schneemann\/","og_locale":"de_DE","og_type":"article","og_title":"Archiv (Ing.B\u00fcro H.Schneemann) - schneeblog","og_description":"Archiv der Old-Shool-Website des Ingenieurb\u00fcros f\u00fcr Kommunikationstechnik Dipl.-Ing. Horst Schneemann, Berlin. Keine Aktualisierung mehr.","og_url":"https:\/\/www.schneemann-berlin.de\/blog\/schneeblog-start\/archiv-ingenieurbuero-horst-schneemann\/","og_site_name":"schneeblog","article_modified_time":"2021-06-03T07:38:10+00:00","twitter_card":"summary_large_image","twitter_misc":{"Gesch\u00e4tzte Lesezeit":"1\u00a0Minute"},"schema":{"@context":"https:\/\/schema.org","@graph":[{"@type":"WebPage","@id":"https:\/\/www.schneemann-berlin.de\/blog\/schneeblog-start\/archiv-ingenieurbuero-horst-schneemann\/","url":"https:\/\/www.schneemann-berlin.de\/blog\/schneeblog-start\/archiv-ingenieurbuero-horst-schneemann\/","name":"Archiv (Ing.B\u00fcro H.Schneemann) - schneeblog","isPartOf":{"@id":"https:\/\/www.schneemann-berlin.de\/blog\/#website"},"datePublished":"2016-03-14T15:50:48+00:00","dateModified":"2021-06-03T07:38:10+00:00","description":"Archiv der Old-Shool-Website des Ingenieurb\u00fcros f\u00fcr Kommunikationstechnik Dipl.-Ing. Horst Schneemann, Berlin. Keine Aktualisierung mehr.","breadcrumb":{"@id":"https:\/\/www.schneemann-berlin.de\/blog\/schneeblog-start\/archiv-ingenieurbuero-horst-schneemann\/#breadcrumb"},"inLanguage":"de","potentialAction":[{"@type":"ReadAction","target":["https:\/\/www.schneemann-berlin.de\/blog\/schneeblog-start\/archiv-ingenieurbuero-horst-schneemann\/"]}]},{"@type":"BreadcrumbList","@id":"https:\/\/www.schneemann-berlin.de\/blog\/schneeblog-start\/archiv-ingenieurbuero-horst-schneemann\/#breadcrumb","itemListElement":[{"@type":"ListItem","position":1,"name":"Startseite","item":"https:\/\/www.schneemann-berlin.de\/blog\/"},{"@type":"ListItem","position":2,"name":"Startseite","item":"https:\/\/www.schneemann-berlin.de\/blog\/"},{"@type":"ListItem","position":3,"name":"Archiv (Ing.B\u00fcro H.Schneemann)"}]},{"@type":"WebSite","@id":"https:\/\/www.schneemann-berlin.de\/blog\/#website","url":"https:\/\/www.schneemann-berlin.de\/blog\/","name":"schneeblog","description":"kleingr\u00fcnrotkarierte Republik Deutschland","publisher":{"@id":"https:\/\/www.schneemann-berlin.de\/blog\/#\/schema\/person\/01899872b7c565f258077670b4160987"},"potentialAction":[{"@type":"SearchAction","target":{"@type":"EntryPoint","urlTemplate":"https:\/\/www.schneemann-berlin.de\/blog\/?s={search_term_string}"},"query-input":"required name=search_term_string"}],"inLanguage":"de"},{"@type":["Person","Organization"],"@id":"https:\/\/www.schneemann-berlin.de\/blog\/#\/schema\/person\/01899872b7c565f258077670b4160987","name":"schneemann","image":{"@type":"ImageObject","inLanguage":"de","@id":"https:\/\/www.schneemann-berlin.de\/blog\/#\/schema\/person\/image\/","url":"https:\/\/www.schneemann-berlin.de\/blog\/wp-content\/uploads\/2021\/06\/2012-03-horst-profilbild3.jpg","contentUrl":"https:\/\/www.schneemann-berlin.de\/blog\/wp-content\/uploads\/2021\/06\/2012-03-horst-profilbild3.jpg","width":900,"height":900,"caption":"schneemann"},"logo":{"@id":"https:\/\/www.schneemann-berlin.de\/blog\/#\/schema\/person\/image\/"},"sameAs":["http:\/\/www.schneemann-berlin.de","https:\/\/www.youtube.com\/horstschneemann"]}]}},"_links":{"self":[{"href":"https:\/\/www.schneemann-berlin.de\/blog\/wp-json\/wp\/v2\/pages\/5394","targetHints":{"allow":["GET"]}}],"collection":[{"href":"https:\/\/www.schneemann-berlin.de\/blog\/wp-json\/wp\/v2\/pages"}],"about":[{"href":"https:\/\/www.schneemann-berlin.de\/blog\/wp-json\/wp\/v2\/types\/page"}],"author":[{"embeddable":true,"href":"https:\/\/www.schneemann-berlin.de\/blog\/wp-json\/wp\/v2\/users\/1"}],"replies":[{"embeddable":true,"href":"https:\/\/www.schneemann-berlin.de\/blog\/wp-json\/wp\/v2\/comments?post=5394"}],"version-history":[{"count":0,"href":"https:\/\/www.schneemann-berlin.de\/blog\/wp-json\/wp\/v2\/pages\/5394\/revisions"}],"up":[{"embeddable":true,"href":"https:\/\/www.schneemann-berlin.de\/blog\/wp-json\/wp\/v2\/pages\/7097"}],"wp:attachment":[{"href":"https:\/\/www.schneemann-berlin.de\/blog\/wp-json\/wp\/v2\/media?parent=5394"}],"curies":[{"name":"wp","href":"https:\/\/api.w.org\/{rel}","templated":true}]}}